tor of 246 and 1558.
82
What is the greatest common divisor of 279 and 1302?
93
Calculate the highest common factor of 8159 and 1791.
199
What is the highest common factor of 697 and 119?
17
Calculate the highest common factor of 3128 and 69.
23
What is the greatest common factor of 261 and 29?
29
What is the greatest common factor of 635 and 40?
5
Calculate the highest common factor of 1630 and 70.
10
What is the greatest common divisor of 616 and 672?
56
Calculate the highest common factor of 28 and 12.
4
Calculate the highest common factor of 453 and 604.
151
What is the highest common divisor of 270 and 1260?
90
What is the greatest common factor of 2 and 2506?
2
What is the greatest common divisor of 574 and 231?
7
Calculate the highest common divisor of 28 and 1484.
28
Calculate the greatest common divisor of 122 and 1769.
61
What is the highest common factor of 17265 and 15?
15
Calculate the highest common factor of 36 and 729.
9
What is the greatest common divisor of 171 and 76?
19
Calculate the greatest common factor of 23 and 368.
23
What is the highest common divisor of 150 and 20175?
75
What is the highest common divisor of 533 and 26?
13
Calculate the greatest common factor of 200 and 550.
50
What is the highest common factor of 100 and 4100?
100
What is the greatest common divisor of 935 and 340?
85
Calculate the highest common factor of 2370 and 330.
30
Calculate the highest common factor of 26 and 30.
2
What is the greatest common divisor of 864 and 27?
27
What is the greatest common divisor of 128 and 28544?
128
Calculate the highest common divisor of 486 and 369.
9
What is the highest common factor of 19 and 1007?
19
What is the greatest common divisor of 286 and 442?
26
What is the greatest common divisor of 161 and 14?
7
What is the highest common divisor of 11 and 1375?
11
Calculate the highest common divisor of 125 and 10.
5
Calculate the highest common divisor of 1440 and 108.
36
Calculate the greatest common factor of 32 and 3984.
16
Calculate the greatest common divisor of 160 and 3.
1
Calculate the highest common divisor of 644 and 138.
46
What is the highest common divisor of 637 and 343?
49
Calculate the greatest common factor of 3 and 11.
1
Calculate the greatest common factor of 34 and 187.
17
What is the highest common factor of 28 and 4291?
7
Calculate the highest common divisor of 1 and 16.
1
Calculate the highest common divisor of 289 and 102.
17
What is the greatest common factor of 58 and 754?
58
Calculate the highest common divisor of 284 and 852.
284
What is the greatest common factor of 1320 and 297?
33
What is the highest common factor of 21 and 343?
7
Calculate the greatest common factor of 45 and 805.
5
What is the highest common divisor of 34 and 8908?
34
What is the greatest common divisor of 16 and 684?
4
Calculate the greatest common divisor of 330 and 35.
5
Calculate the highest common factor of 24 and 1464.
24
What is the highest common divisor of 344 and 645?
43
What is the highest common divisor of 164 and 20?
4
What is the highest common factor of 71 and 568?
71
What is the greatest common factor of 46 and 2806?
46
What is the greatest common divisor of 536 and 7571?
67
Calculate the highest common factor of 7930 and 520.
130
Calculate the greatest common divisor of 4214 and 98.
98
Calculate the highest common divisor of 747 and 18.
9
Calculate the greatest common divisor of 810 and 80.
10
Calculate the highest common divisor of 126 and 2751.
21
What is the greatest common factor of 89 and 8633?
89
Calculate the greatest common factor of 84 and 26082.
42
What is the greatest common factor of 3072 and 168?
24
What is the greatest common factor of 12 and 27?
3
Calculate the highest common factor of 145 and 5365.
145
What is the greatest common factor of 20367 and 146?
73
Calculate the greatest common divisor of 150 and 450.
150
Calculate the highest common divisor of 954 and 5989.
53
What is the greatest common divisor of 2575 and 100?
25
What is the greatest common factor of 168 and 9192?
24
Calculate the greatest common divisor of 2247 and 21.
21
What is the greatest common divisor of 44 and 737?
11
Calculate the highest common factor of 7 and 2.
1
Calculate the greatest common factor of 47 and 1.
1
What is the greatest common divisor of 21 and 63?
21
Calculate the greatest common divisor of 256 and 176.
16
Calculate the highest common factor of 2790 and 899.
31
What is the greatest common factor of 56 and 1624?
56
Calculate the highest common factor of 60 and 165.
15
What is the highest common divisor of 208 and 33488?
208
What is the greatest common divisor of 427 and 61?
61
Calculate the greatest common divisor of 14 and 112.
14
Calculate the highest common factor of 40 and 1090.
10
What is the greatest common divisor of 7 and 273?
7
Calculate the highest common factor of 4239 and 27.
27
Calculate the highest common factor of 75 and 6.
3
What is the greatest common factor of 95 and 152?
19
Calculate the highest common divisor of 16 and 200.
8
Calculate the highest common divisor of 8 and 524.
4
What is the highest common divisor of 11446 and 97?
97
What is the greatest common factor of 2044 and 1316?
28
Calculate the highest common divisor of 135 and 63.
9
Calculate the highest common factor of 16371 and 1071.
153
Calculate the highest common factor of 9 and 396.
9
What is the highest common divisor of 88 and 110?
22
Calculate the highest common factor of 1836 and 374.
34
What is the greatest common factor of 146 and 73?
73
Calculate the highest common factor of 880 and 55.
55
What is the greatest common factor of 2225 and 125?
25
Calculate the greatest common factor of 4085 and 665.
95
What is the highest common factor of 289 and 85?
17
Calculate the greatest common divisor of 171 and 57.
57
Calculate the greatest common factor of 59 and 590.
59
Calculate the greatest common divisor of 126 and 252.
126
Calculate the highest common divisor of 2844 and 72.
36
What is the highest common factor of 928 and 2048?
32
What is the highest common divisor of 48 and 120?
24
Calculate the greatest common divisor of 160 and 3440.
80
Calculate the greatest common divisor of 273 and 65.
13
Calculate the greatest common factor of 31 and 496.
31
Calculate the greatest common factor of 448 and 560.
112
Calculate the greatest common divisor of 20 and 6940.
20
What is the highest common divisor of 1675 and 67?
67
What is the greatest common divisor of 147 and 42?
21
Calculate the greatest common divisor of 20 and 65.
5
Calculate the highest common divisor of 14 and 126.
14
Calculate the greatest common factor of 510 and 30.
30
What is the greatest common divisor of 35 and 180?
5
What is the highest common divisor of 3 and 783?
3
Calculate the highest common factor of 2 and 59.
1
What is the highest common factor of 418 and 198?
22
What is the highest common factor of 39 and 2496?
39
What is the highest common divisor of 105 and 5505?
15
What is the highest common factor of 4728 and 24?
24
Calculate the greatest common factor of 976 and 1184.
16
Calculate the highest common factor of 20475 and 75.
75
What is the highest common divisor of 112 and 10766?
14
Calculate the highest common factor of 2388 and 84.
12
Calculate the highest common factor of 1176 and 21.
21
Calculate the highest common factor of 210 and 546.
42
Calculate the greatest common factor of 4 and 452.
4
Calculate the greatest common factor of 16510 and 130.
130
Calculate the highest common factor of 530 and 742.
106
Calculate the greatest common factor of 90 and 2565.
45
Calculate the greatest common divisor of 38 and 3078.
38
What is the greatest common divisor of 147 and 81879?
147
What is the greatest common factor of 4 and 3?
1
Calculate the highest common divisor of 42 and 966.
42
What is the greatest common divisor of 400 and 25?
25
What is the highest common factor of 1472 and 115?
23
What is the greatest common factor of 55 and 1155?
55
What is the highest common divisor of 76 and 3116?
76
Calculate the highest common divisor of 22 and 4169.
11
Calculate the greatest common divisor of 5030 and 30.
10
Calculate the greatest common divisor of 23 and 95197.
23
Calculate the highest common divisor of 9678 and 60.
6
Calculate the highest